is -2561 (base 13) in base 4?
-1103012
Convert 7075 (base 9) to base 4.
1100303
What is 1351 (base 12) in base 7?
6322
What is 100212110 (base 3) in base 4?
1300122
-4443 (base 5) to base 12
-43b
What is 513 (base 9) in base 3?
120110
What is 110011110 (base 2) in base 4?
12132
What is 2621 (base 8) in base 3?
1221210
Convert 19ab (base 15) to base 14.
2053
Convert -20100020 (base 3) to base 15.
-1583
What is -22525 (base 6) in base 11?
-2469
What is 32000 (base 8) in base 6?
141344
2046 (base 8) to base 13
639
What is -13243 (base 6) in base 9?
-2720
What is -1670 (base 9) in base 14?
-674
Convert 523255 (base 6) to base 11.
297a9
What is -2152 (base 6) in base 14?
-27a
What is 83 (base 9) in base 5?
300
2004323 (base 5) to base 16
7c5e
Convert -192 (base 10) to base 16.
-c0
What is 155a (base 16) in base 8?
12532
What is 10220012 (base 3) in base 11?
2152
-6728 (base 11) to base 10
-8863
Convert -2b8 (base 13) to base 6.
-2133
-26a7 (base 11) to base 9
-4724
Convert -24 (base 7) to base 6.
-30
-213103 (base 4) to base 5
-40030
Convert -12343 (base 7) to base 8.
-6301
-1c9 (base 15) to base 3
-120100
-11101011010000 (base 2) to base 6
-153412
Convert -314 (base 5) to base 14.
-60
-220 (base 14) to base 4
-12210
Convert -535010 (base 6) to base 8.
-125516
-451 (base 10) to base 4
-13003
Convert -624 (base 12) to base 14.
-47a
Convert 11002 (base 6) to base 16.
5ea
201120 (base 3) to base 12
380
Convert 10100121100 (base 3) to base 11.
45697
Convert 87b8 (base 12) to base 4.
3221330
-405 (base 16) to base 11
-856
20377 (base 9) to base 6
142111
What is -6514 (base 7) in base 13?
-1090
-89 (base 15) to base 14
-93
Convert -5305 (base 8) to base 3.
-10210010
Convert 255 (base 11) to base 14.
178
Convert -1055 (base 9) to base 11.
-649
What is -3aa (base 15) in base 9?
-1127
Convert 11420 (base 8) to base 7.
20141
-c70 (base 13) to base 6
-13451
What is -bd4 (base 14) in base 3?
-10012202
Convert 203 (base 9) to base 10.
165
-12211 (base 9) to base 4
-1333333
Convert 2335 (base 11) to base 5.
44223
Convert -100111010111000 (base 2) to base 11.
-14160
Convert 3436 (base 9) to base 5.
40134
Convert -1215145 (base 6) to base 14.
-197bb
-212 (base 3) to base 13
-1a
-35d (base 16) to base 9
-1156
92a (base 12) to base 3
1211021
-7288 (base 14) to base 10
-19720
-3405 (base 9) to base 13
-11b7
What is -1555 (base 6) in base 2?
-110101111
What is 101111101100111 (base 2) in base 4?
11331213
-4515 (base 9) to base 12
-1b1b
What is 31030 (base 4) in base 6?
3524
Convert -1514 (base 6) to base 9.
-501
Convert -11583 (base 11) to base 12.
-9790
-435 (base 14) to base 16
-33f
-870 (base 10) to base 7
-2352
What is 31705 (base 11) in base 15?
d9db
Convert 12574 (base 8) to base 16.
157c
What is 53653 (base 9) in base 14?
cd38
-14245 (base 6) to base 16
-8d5
Convert -1020201201 (base 3) to base 16.
-600d
Convert 3683 (base 10) to base 11.
2849
-5827 (base 10) to base 7
-22663
Convert -677 (base 10) to base 9.
-832
-84 (base 16) to base 5
-1012
216 (base 10) to base 14
116
-430 (base 7) to base 3
-22001
21330 (base 4) to base 2
1001111100
-840c (base 14) to base 3
-1011012112
Convert 13102301 (base 4) to base 13.
1079c
Convert -353 (base 15) to base 7.
-2124
12301 (base 4) to base 2
110110001
What is 1708 (base 11) in base 6?
14042
What is -119e (base 16) in base 5?
-121020
What is -1512 (base 6) in base 3?
-112222
-1170 (base 14) to base 15
-d78
-14b (base 14) to base 4
-10013
What is -256403 (base 7) in base 2?
-1011101100000100
61440 (base 7) to base 10
14973
100312031 (base 4) to base 6
1251245
What is 104 (base 13) in base 5?
1143
-266 (base 9) to base 3
-22020
Convert 320445 (base 7) to base 2.
1101100010011100
-17027 (base 10) to base 9
-25318
Convert 21222 (base 4) to base 14.
322
What is -201021 (base 4) in base 9?
-2816
What is 110000001100000 (base 2) in base 4?
12001200
Convert -3417 (base 8) to base 13.
-a90
What is -45a (base 12) in base 16?
-286
Convert 354512 (base 6) to base 12.
15a38
-110100111000 (base 2) to base 11
-25a7
What is -10ce0 (base 15) in base 9?
-81383
Convert 32 (base 9) to base 8.
35
-430 (base 11) to base 14
-28d
Convert 42112 (base 5) to base 16.
ade
2011100 (base 3) to base 5
22300
-36526 (base 9) to base 12
-12206
-1202211 (base 3) to base 16
-50b
-150 (base 7) to base 12
-70
Convert -2302 (base 4) to base 11.
-152
22002 (base 8) to base 5
243333
What is da5 (base 14) in base 3?
10200202
What is -331 (base 15) in base 10?
-721
What is 314303 (base 6) in base 13?
b862
40804 (base 9) to base 8
64420
What is -841 (base 9) in base 4?
-22231
221 (base 13) to base 15
195
-13368 (base 12) to base 6
-322212
What is -a8e (base 16) in base 13?
-12cb
-2210 (base 7) to base 14
-407
-163104 (base 7) to base 4
-13320213
-10514 (base 6) to base 9
-2031
Convert 616b (base 13) to base 6.
142120
20211121 (base 3) to base 15
1724
What is -231110 (base 5) in base 7?
-33066
-45344 (base 9) to base 4
-13113130
-49 (base 12) to base 9
-63
Convert -184e (base 15) to base 7.
-21206
1147 (base 8) to base 4
21213
Convert -15535 (base 8) to base 15.
-2120
-2505 (base 11) to base 12
-1a88
What is -4641 (base 9) in base 5?
-102224
-1323232 (base 4) to base 16
-1eee
Convert 12606 (base 7) to base 16.
d3b
-366 (base 14) to base 2
-1010100110
What is -2903 (base 13) in base 11?
-44a0
-3423340 (base 5) to base 4
-32322213
What is -6d7 (base 15) in base 9?
-2114
What is -d97 (base 14) in base 12?
-1675
Convert 20040 (base 8) to base 12.
4914
Convert 12302111 (base 4) to base 14.
a1b7
-8843 (base 9) to base 2
-1100101110111
2811 (base 13) to base 5
141020
Convert -3838 (base 10) to base 13.
-1993
Convert -906 (base 11) to base 14.
-583
What is 63 (base 12) in base 9?
83
Convert 222220 (base 4) to base 14.
dcc
Convert -126a (base 16) to base 11.
-35a6
-201 (base 9) to base 6
-431
What is -10101000000010 (base 2) in base 11?
-8097
-101010011000 (base 2) to base 3
-10201110
204 (base 11) to base 5
1441
3a1 (base 11) to base 6
2110
What is -578 (base 13) in base 9?
-1258
What is 334 (base 16) in base 10?
820
-10100001100 (base 2) to base 3
-1202212
710 (base 9) to base 12
400
22744 (base 12) to base 7
251035
Convert b0c (base 13) to base 2.
11101001111
Convert -1b (base 12) to base 10.
-23
What is 10706 (base 8) in base 6?
33022
-1b73 (base 13) to base 11
-3133
What is 2111312 (base 4) in base 3?
111011012
What is -3586 (base 14) in base 16?
-2472
Convert -1221 (base 8) to base 15.
-2dc
-443442 (base 5) to base 15
-48d2
Convert -203 (base 7) to base 8.
-145
Convert 72b (base 14) to base 12.
997
Convert -20211122 (base 3) to base 16.
-1379
What is -b35b (base 14) in base 3?
-1120022201
-1231 (base 8) to base 11
-555
What is 11111010011100 (base 2) in base 9?
23878
What is 10003 (base 4) in base 10?
259
What is -869 (base 16) in base 7?
-6164
What is 874 (base 14) in base 8?
3206
What is -a07 (base 11) in base 12?
-855
What is -297 (base 12) in base 5?
-3103
-1e81 (base 16) to base 4
-1322001
-325 (base 7) to base 5
-1131
1221 (base 3) to base 2
110100
-10152 (base 9) to base 15
-1eae
10011 (base 3) to base 11
78
Convert 160 (base 14) to base 15.
13a
Convert 1381 (base 15) to base 10.
4171
What is -9a5 (base 14) in base 6?
-12501
What is 110001021 (base 3) in base 9?
13037
-1450 (base 9) to base 4
-101022
Convert -221214 (base 5) to base 9.
-11477
-8077 (base 9) to base 5
-142102
Convert 30c (base 13) to base 6.
2223
Convert 10510 (base 6) to base 8.
2712
What is 9d7b (base 15) in base 5?
2032131
-3716 (base 9) to base 5
-42034
What is -294b (base 15) in base 2?
-10001010001110
What is 164120 (base 7) in base 13?
11b25
-212 (base 11) to base 4
-3333
What is 572 (base 14) in base 13?
651
-1112200 (base 4) to base 16
-15a0
2020130 (base 4) to base 10
8732
135363 (base 7) to base 4
12110331
-acc (base 13) to base 3
-2112211
-1858 (base 9) to base 14
-742
What is 3637 (base 13) in base 7?
31210
-23345 (base 7) to base 4
-1131323
899 (base 11) to base 2
10000110100
What is 40145 (base 6) in base 5?
131444
What is 2112 (base 6) in base 3?
122122
Convert -649c (base 15) to base 7.
-116043
What is -1461 (base 10) in base 8?
-2665
Convert 2843 (base 10) to base 2.
101100011011
What is -4615 (base 8) in base 2?
-100110001101
4c (base 13) to base 3
2101
Convert 31221110 (b